35 is divided by 176.
59
What is the remainder when 24491 is divided by 2712?
83
Calculate the remainder when 6493 is divided by 40.
13
What is the remainder when 421251 is divided by 29?
26
What is the remainder when 5913 is divided by 1915?
168
What is the remainder when 41245 is divided by 145?
65
What is the remainder when 46167 is divided by 150?
117
What is the remainder when 4951 is divided by 2438?
75
Calculate the remainder when 33973 is divided by 9.
7
Calculate the remainder when 286159 is divided by 71528.
47
What is the remainder when 7834 is divided by 1117?
15
Calculate the remainder when 59773 is divided by 141.
130
Calculate the remainder when 5163 is divided by 458.
125
What is the remainder when 1757 is divided by 1757?
0
Calculate the remainder when 74038 is divided by 1139.
3
What is the remainder when 15230 is divided by 2538?
2
Calculate the remainder when 4752109 is divided by 10.
9
What is the remainder when 104897 is divided by 14?
9
Calculate the remainder when 7155897 is divided by 239.
237
Calculate the remainder when 19739 is divided by 9867.
5
What is the remainder when 108863 is divided by 54423?
17
What is the remainder when 3050 is divided by 509?
505
What is the remainder when 25421 is divided by 56?
53
What is the remainder when 11938 is divided by 5?
3
What is the remainder when 21767 is divided by 69?
32
Calculate the remainder when 3164 is divided by 526.
8
What is the remainder when 7138 is divided by 68?
66
Calculate the remainder when 438007 is divided by 85.
2
Calculate the remainder when 28392 is divided by 536.
520
Calculate the remainder when 845 is divided by 99.
53
Calculate the remainder when 196708 is divided by 1892.
1832
Calculate the remainder when 4937 is divided by 986.
7
What is the remainder when 1737149 is divided by 626?
625
Calculate the remainder when 1854 is divided by 37.
4
What is the remainder when 9074 is divided by 108?
2
What is the remainder when 34871 is divided by 65?
31
What is the remainder when 8494 is divided by 34?
28
What is the remainder when 92075 is divided by 2192?
11
What is the remainder when 18519 is divided by 9256?
7
Calculate the remainder when 9314 is divided by 141.
8
Calculate the remainder when 71818 is divided by 189.
187
Calculate the remainder when 1158 is divided by 269.
82
What is the remainder when 23738 is divided by 70?
8
Calculate the remainder when 60698 is divided by 242.
198
What is the remainder when 41627 is divided by 63?
47
Calculate the remainder when 16575 is divided by 1183.
13
What is the remainder when 88826 is divided by 387?
203
What is the remainder when 26070 is divided by 6516?
6
Calculate the remainder when 666604 is divided by 461.
459
Calculate the remainder when 628 is divided by 567.
61
Calculate the remainder when 15345 is divided by 480.
465
What is the remainder when 121548 is divided by 25?
23
What is the remainder when 6267 is divided by 1987?
306
What is the remainder when 28322 is divided by 5613?
257
Calculate the remainder when 1835345 is divided by 275.
270
What is the remainder when 216072 is divided by 260?
12
Calculate the remainder when 5201 is divided by 1249.
205
What is the remainder when 24885 is divided by 35?
0
Calculate the remainder when 38227 is divided by 72.
67
What is the remainder when 21017 is divided by 20901?
116
What is the remainder when 133053 is divided by 26609?
8
What is the remainder when 9866 is divided by 186?
8
What is the remainder when 1921 is divided by 273?
10
Calculate the remainder when 17713 is divided by 29.
23
What is the remainder when 54994 is divided by 3921?
100
Calculate the remainder when 210008 is divided by 114.
20
Calculate the remainder when 6084 is divided by 119.
15
What is the remainder when 2385590 is divided by 32?
22
What is the remainder when 2155136 is divided by 15?
11
What is the remainder when 325724 is divided by 108568?
20
Calculate the remainder when 28723 is divided by 28636.
87
Calculate the remainder when 15592 is divided by 102.
88
Calculate the remainder when 63273 is divided by 65.
28
What is the remainder when 438 is divided by 429?
9
What is the remainder when 19040 is divided by 137?
134
What is the remainder when 13615 is divided by 2657?
330
What is the remainder when 392 is divided by 144?
104
Calculate the remainder when 6217 is divided by 699.
625
What is the remainder when 1577 is divided by 133?
114
Calculate the remainder when 2225132 is divided by 253.
250
Calculate the remainder when 126387 is divided by 72.
27
What is the remainder when 4592 is divided by 2290?
12
Calculate the remainder when 1811 is divided by 453.
452
What is the remainder when 76905 is divided by 493?
490
What is the remainder when 1903066 is divided by 9?
7
Calculate the remainder when 414984 is divided by 96.
72
What is the remainder when 393925 is divided by 218?
217
What is the remainder when 7011 is divided by 66?
15
What is the remainder when 21038 is divided by 334?
330
Calculate the remainder when 68331 is divided by 11.
10
What is the remainder when 7612 is divided by 94?
92
What is the remainder when 6469 is divided by 157?
32
Calculate the remainder when 7995 is divided by 8.
3
Calculate the remainder when 21347 is divided by 194.
7
What is the remainder when 1446 is divided by 1043?
403
Calculate the remainder when 498 is divided by 292.
206
Calculate the remainder when 952 is divided by 800.
152
What is the remainder when 145 is divided by 4?
1
What is the remainder when 985 is divided by 90?
85
Calculate the remainder when 2415 is divided by 43.
7
Calculate the remainder when 215024 is divided by 107499.
26
What is the remainder when 8223 is divided by 333?
231
Calculate the remainder when 50633 is divided by 250.
133
What is the remainder when 2415 is divided by 480?
15
What is the remainder when 9122 is divided by 51?
44
What is the remainder when 33043 is divided by 13?
10
What is the remainder when 228855 is divided by 2119?
3
What is the remainder when 37751 is divided by 250?
1
Calculate the remainder when 16589 is divided by 1408.
1101
Calculate the remainder when 3519 is divided by 541.
273
What is the remainder when 6736 is divided by 1386?
1192
What is the remainder when 1098511 is divided by 12?
7
Calculate the remainder when 900526 is divided by 292.
290
What is the remainder when 27755 is divided by 677?
675
Calculate the remainder when 25963 is divided by 5174.
93
Calculate the remainder when 602681 is divided by 60268.
1
Calculate the remainder when 67613 is divided by 118.
117
What is the remainder when 24697 is divided by 232?
105
What is the remainder when 167148 is divided by 31?
27
What is the remainder when 9364 is divided by 625?
614
Calculate the remainder when 119675 is divided by 124.
15
What is the remainder when 35882 is divided by 9?
8
Calculate the remainder when 8504 is divided by 4252.
0
What is the remainder when 13346 is divided by 47?
45
Calculate the remainder when 993074 is divided by 22.
16
Calculate the remainder when 91201 is divided by 1184.
33
Calculate the remainder when 617 is divided by 214.
189
Calculate the remainder when 76786 is divided by 79.
77
Calculate the remainder when 51405 is divided by 17127.
24
Calculate the remainder when 713 is divided by 122.
103
Calculate the remainder when 5127 is divided by 793.
369
Calculate the remainder when 61659 is divided by 994.
31
What is the remainder when 935926 is divided by 346?
342
Calculate the remainder when 476 is divided by 290.
186
What is the remainder when 33794 is divided by 43?
39
What is the remainder when 7058 is divided by 178?
116
What is the remainder when 12162 is divided by 4050?
12
What is the remainder when 93464 is divided by 45?
44
Calculate the remainder when 2833691 is divided by 11026.
9
Calculate the remainder when 64918 is divided by 60.
58
What is the remainder when 1675 is divided by 151?
14
What is the remainder when 4878 is divided by 1175?
178
Calculate the remainder when 9238 is divided by 40.
38
Calculate the remainder when 92830 is divided by 24.
22
Calculate the remainder when 3922 is divided by 800.
722
What is the remainder when 14951 is divided by 151?
2
What is the remainder when 31340 is divided by 34?
26
Calculat